
Let n(z) = -8*z**2 + z. Let y be n(-1). Let s be y/(-45) - 42/10. Let h(j) = j**3 + 3*j**2 - 6*j - 6. Give h(s).
2
Let w(y) = 61*y + y**2 - 2 - 112*y - 6 + 67*y. Give w(-17).
9
Let i(w) = -3*w**2 + w - 1. Let x be 5/(-50) - (-189)/90. Give i(x).
-11
Let n(u) = -u**2 - u + 5. Let d be 0/((-1)/1*3). Suppose d = -0*s - 8*s. What is n(s)?
5
Let w be 12/8*-4*(-2)/(-6). Let d(m) be the third derivative of -m**6/120 + m**4/24 + m**3/6 - 2*m**2. Calculate d(w).
7
Let w(u) be the first derivative of u**5/60 - u**4/4 - u**3/2 - 5*u**2/2 + 6. Let n(j) be the second derivative of w(j). Calculate n(6).
-3
Let y(a) = -a + 10. Let v = -603 - -614. Determine y(v).
-1
Let l = -31 + 34. Let s be (120/36)/(2/l). Let u(a) = a**3 - 6*a**2 + 4*a + 6. Calculate u(s).
1
Let g(d) = d - 3. Let o(b) = 5*b**3 - b**2 + 2*b. Let w(x) = -16*x**3 + 4*x**2 - 7*x - 1. Let c(u) = 7*o(u) + 2*w(u). Let k be c(1). Calculate g(k).
-1
Let l = 819 - 822. Let d(n) = n**2 + 3*n + 3. Determine d(l).
3
Let q(m) = -m. Let i(b) = 2*b**3 - 16 + 0*b**3 + 15 + 4*b - b**3. Let k(z) = i(z) + 6*q(z). Give k(3).
20
Let h = 692 + -697. Let g(s) = -6*s. Determine g(h).
30
Let p(f) = -4*f - 6. Let a(w) = -w. Let g(z) = -2*a(z) + p(z). Suppose 92*v = 91*v + 2. Let y be -5 + v - 27/(-3). Give g(y).
-18
Let b = 1 + 4. Suppose 18 = b*j + 43. Let f(k) be the second derivative of k**3/6 + k**2/2 + 29*k. Calculate f(j).
-4
Let y(a) = -2*a**2 + 23*a - 47. Let x be y(9). Let g(p) = -p**2 + 2*p + 2. Give g(x).
-6
Let u(w) be the second derivative of 1/12*w**4 + 0 - w**3 + 3*w + 1/2*w**2. Let g = 162 + -158. Calculate u(g).
-7
Suppose -3*m - 5*t + 20 = 0, -m + 0*m + t = 4. Let s = -7 - -10. Let y(k) = -5*k + 1 + 4*k - 13 - k**s + k**2. Determine y(m).
-12
Let d(m) be the first derivative of m**4/24 + 4*m**3/3 - 47*m**2/2 - 45. Let o(q) be the second derivative of d(q). Give o(-8).
0
Let u = 109 - 97. Suppose 0 = 5*r + u - 32. Let t(w) = -w**3 + 3*w**2 + 3*w + 5. Determine t(r).
1
Let d(a) = -a + 3. Let l be (-8)/(-16)*-4*1. Let t be (8 + l - 2)*2. Suppose t + 10 = -3*r. Give d(r).
9
Let h be 3/((-6)/8)*80/64. Let o be ((-1)/(-2))/((-1)/(-22)). Let p = o + h. Let b(s) = -3*s + 7. Determine b(p).
-11
Suppose -56*d - 36 = -74*d. Let z(x) = 4*x**3 + x**2 - 4*x + 3. Determine z(d).
31
Let a = 9 - -12. Suppose 10*q - a = 13*q. Let g = -6 - q. Let o(n) = 5*n**3 + 2*n - 1. Give o(g).
6
Let s be 3/(((-60)/8)/5). Let u(z) = -z**3 - z**2 + z. Let p be u(s). Let q(n) = -4*n + 2. Determine q(p).
-6
Let r = 57 - 54. Let d(u) = -125*u**2 + 126*u**2 + 0*u**r + u**3. Calculate d(-1).
0
Let g(t) = -t - 1. Let r be g(1). Let s be (-4)/(-14) - (-108)/14. Let q(j) = -3*j - j + 2*j**2 + 7*j + s*j**3 - 7*j**3. Calculate q(r).
-6
Let x(k) = -11*k - 7. Let l(q) = -5*q - 3. Let n(g) = -12*g**2 - 2*g**3 + g**3 - 1 - 3 + 13. Let a be n(-12). Let m(p) = a*l(p) - 4*x(p). Determine m(-6).
7
Let n(t) = -29*t - 3. Let w(m) = -34*m - 4. Let j(z) = 7*n(z) - 6*w(z). Suppose 3*l + 20 = -2*l. Determine j(l).
-1
Let y(d) = 3*d - 4. Let v(h) = -9*h + 12. Let t(w) = -2*v(w) - 7*y(w). Suppose s + 5*z + 1 = 0, -3*s - z + 14 = -3*z. Give t(s).
-8
Let o(f) = 34*f**3 + 8*f**2 - f - 3. Let t(a) = 20*a**3 + 4*a**2 - a - 1. Let p(c) = 3*o(c) - 5*t(c). What is p(-3)?
-28
Let z(w) = -9*w**3 + w. Let y(n) = -8*n + 3. Let p be y(-2). Suppose -x + 0*x - d - p = 0, -d + 9 = -x. Let q = -15 - x. Give z(q).
8
Let o(s) = -65 + 67 - 5*s - 2*s**2 + 3*s**2. Suppose -5*b + 5*p + 18 = -12, 4*p - 8 = -4*b. What is o(b)?
-2
Let y(w) = w + 6. Let l(h) = -4*h - 24. Let q(j) = -6*l(j) - 26*y(j). Suppose 40 = -2*k - 3*k. Give q(k).
4
Let u(a) = a**3 - 5*a**2 + 4*a - 2. Suppose 0 = -j - 14 + 18. What is u(j)?
-2
Suppose 2*s - 16 = 3*s + 3*j, -15 = 5*j. Let t(p) = 4*p**3 - p**2 + 6*p + 3. Let x(g) = 9*g**3 - 3*g**2 + 13*g + 6. Let c(k) = s*t(k) + 3*x(k). Give c(-3).
15
Suppose 2*o - 3*n = 6*o - 111, 80 = 3*o - n. Let k(y) = -y + 24. Let h be k(o). Let j(g) = -3*g - 1. Determine j(h).
8
Let g(z) be the third derivative of 9*z**2 - 1/8*z**4 + 0 + 0*z + 1/60*z**5 - 1/2*z**3. Give g(5).
7
Let v(a) = -a**3 - 15*a**2 - 3*a + 7. Let c(o) = -o**3 - 17*o**2 - 4*o + 8. Let j(g) = 2*c(g) - 3*v(g). Determine j(-11).
-16
Let m(p) = 6*p - 5. Suppose 36 = f - 8. Suppose f*j - 24 = 38*j. Give m(j).
19
Let m(i) be the third derivative of -i**5/60 + i**4/24 + 7*i**3/6 - 4*i**2 + 4. Give m(0).
7
Let t(r) = -16*r**3 - 19*r**3 + 2*r**2 - 3*r - 13*r**3 + 47*r**3 + 2*r - 2. Determine t(0).
-2
Suppose 10*o - 5*o - 165 = -5*u, o - 64 = -2*u. Suppose -5*l = -2*v + u, -l + 6*v = 5*v + 8. Let h(p) = p**3 + 5*p**2 + 3*p + 6. What is h(l)?
-9
Let a(o) = o**3 + 5*o**2 + 3*o + 4. Suppose 2*i - 20 + 26 = 0. Give a(i).
13
Let t(p) = 3*p**2 - 2*p - 5. Let v(c) = 5 + 6*c**2 + 3*c + 0*c - 8*c**2. Let y(d) = 3*t(d) + 4*v(d). Let r = 9 + -14. What is y(r)?
0
Let o(h) = -2*h + 6. Suppose -70*l + 64*l + 42 = 0. Give o(l).
-8
Let a(g) be the second derivative of g**7/840 + g**6/120 - g**5/120 + 5*g**4/24 + g**3/2 + 4*g. Let j(b) be the second derivative of a(b). Determine j(-4).
-7
Let b(m) = m**3 + 2*m**2 + 7*m - 5. Let y(r) = -2*r**3 - 3*r**2 - 9*r + 6. Let w(x) = -3*b(x) - 2*y(x). What is w(2)?
5
Let t(x) = -x**2 - x - 1. Suppose 11*o = 39 + 16. Suppose g + 4 = 5*j, 3*j + g + o - 1 = 0. What is t(j)?
-1
Let u(a) = -a + 11. Let i be 2/(-3) + 40/6. Give u(i).
5
Let x(d) be the first derivative of -d**3/3 - d**2 + 7*d - 24. Calculate x(-5).
-8
Let s(q) = q**2 - 5. Let h = -423 + 429. Calculate s(h).
31
Let h(n) = -2*n**2 - 1. Let x be 4/26 + 308/(-143). Determine h(x).
-9
Let u(k) = -6*k + 18. Let m(q) = q. Let h(w) = -5*m(w) - u(w). What is h(15)?
-3
Let r(h) = -h**2 + 2*h + 3. Let i be r(-2). Let s = -16 + 19. Let f(l) = -l - s*l + 6*l + l**2 + 6 + 3*l. Calculate f(i).
6
Let f be (1 - 1 - 3) + 18/6. Let b(j) = -3*j**3 - 3*j**2 + j + 4. Let i(n) = 10*n**3 + 10*n**2 - 3*n - 13. Let l(c) = 7*b(c) + 2*i(c). Determine l(f).
2
Suppose -3*z + 4*t = 5*t - 21, 4*z - 35 = t. Suppose -7*i - z = 55. Let n(m) = -m - 7. What is n(i)?
2
Let k(u) = u - 1. Let h be k(9). Let x(j) = j**2 + 8*j + 18. Let y(s) = 3*s + 1. Let g(r) = -x(r) + 6*y(r). Give g(h).
4
Let j(h) = -4*h**3 - 6*h**2 + h + 7. Let s(t) = -6*t**3 - 7*t**2 + 2*t + 8. Let c(w) = -4*j(w) + 3*s(w). Determine c(3).
-25
Let w(f) = f**2 + 6*f - 4. Suppose -s + 4*o = -28, o = 4*s - 0*o - 82. Let y be ((9/(-5))/(-3))/(s/(-100)). Give w(y).
-13
Let z(h) = h. Suppose -2 - 10 = -4*x. Suppose x*k + 0 + 6 = 0. Determine z(k).
-2
Let n(p) = p + 0 + p**3 + 4 + 7*p**2 + 0. Let q = 2133 - 2140. Calculate n(q).
-3
Let j(z) = z**3 - 7*z**2 + 3*z - 2. Let n(s) = s**2. Let b(h) = j(h) + 7*n(h). Give b(1).
2
Let d(j) be the first derivative of -j**3/6 - 5*j**2/2 - 17*j + 3. Let y(m) be the first derivative of d(m). Give y(-3).
-2
Let d(r) = 19 + 0 - 2*r - 7 + 4*r. Give d(-7).
-2
Let j(h) = 4*h**3 + h**2 - 2*h + 1. Let b = -298 - -296. Determine j(b).
-23
Let c(h) = 197*h + 2*h**2 - 198*h - h**3 - 3*h**2. Determine c(-1).
1
Let j(m) be the first derivative of -2*m**2 - 1/6*m**3 + 1 + 1/12*m**5 - 1/120*m**6 - 1/12*m**4 + 0*m. Let t(y) be the second derivative of j(y). What is t(5)?
-11
Let g(d) = -7*d + 9*d - d + 2*d + 0*d - 11. Determine g(-12).
-47
Let s(d) = d**3 - d**2 + d - 4. Let c be s(3). Let i(f) = -13 + c + 5 + 7*f + f**2. Determine i(-6).
3
Let i(k) be the third derivative of -k**5/60 + k**4/24 + k**3/3 - 26*k**2 + 3. Suppose -4*x + 12 = -4. Determine i(x).
-10
Let t(j) = 2*j**3 + 1. Let c(r) = -7*r**3 + 12*r**2 - 4. Let y(o) = c(o) + 4*t(o). What is y(-12)?
0
Let h(v) = 4*v + 5. Let g(o) = 9*o + 12. Let f(y) = -3*g(y) + 7*h(y). Give f(0).
-1
Let f(z) = 8*z**2 + 2*z + 1. Let i be -5*((-3)/(-4) + 155/(-100)). Suppose 0 = i*h + 3*l + 7, -h = 3*l + 1 + 3. Determine f(h).
7
Suppose 3*f = -4*k + 10, -2 = f - 0. Suppose 3*c + 21 = k*m - 10, -4*c - 25 = -3*m. Let y(g) = -4*g + 3 - m*g - 1 + 9*g. Give y(2).
-2
Let a(f) = 4*f. Let d(j) be the third derivative of j**4/8 - j**3/6 + 14*j**2. Let q(z) = 4*a(z) - 5*d(z). Give q(4).
9
Let u be (-12)/54 + 11/9. Suppose -5*a = 4 + u. Let z(p) = -10*p + 1. Give z(a).
11
Let z(q) = -q**3 + 2*q**2 - 8 - 4*q**2 - 10 + 20. What is z(-3)?
11
Let x(d) be the first derivative of 2*d**3/3 + 13*d**2/2 + 6*d - 55. Determine x(-5).
-9
Suppose 2*q = 2*n + 2